{"id":819,"date":"2019-12-25T09:49:12","date_gmt":"2019-12-25T12:49:12","guid":{"rendered":"https:\/\/wordpress.iqonic.design\/talkie\/?page_id=819"},"modified":"2023-03-17T16:49:29","modified_gmt":"2023-03-17T19:49:29","slug":"faq","status":"publish","type":"page","link":"https:\/\/multigrow.tec.br\/?page_id=819","title":{"rendered":"Perguntas FAQ"},"content":{"rendered":"\t\t<div data-elementor-type=\"wp-page\" data-elementor-id=\"819\" class=\"elementor elementor-819\" data-elementor-settings=\"[]\">\n\t\t\t\t\t\t\t<div class=\"elementor-section-wrap\">\n\t\t\t\t\t\t\t<div class=\"elementor-section elementor-top-section elementor-element elementor-element-22aaa17 elementor-section-stretched elementor-section-boxed elementor-section-height-default elementor-section-height-default\" data-id=\"22aaa17\" data-element_type=\"section\" data-settings=\"{&quot;stretch_section&quot;:&quot;section-stretched&quot;}\">\n\t\t\t\t\t\t<div class=\"elementor-container elementor-column-gap-default\">\n\t\t\t\t\t<div class=\"elementor-column elementor-col-100 elementor-top-column elementor-element elementor-element-6c96385\" data-id=\"6c96385\" data-element_type=\"column\">\n\t\t\t<div class=\"elementor-widget-wrap elementor-element-populated\">\n\t\t\t\t\t\t\t\t<div class=\"elementor-element elementor-element-fc568ac elementor-widget elementor-widget-section_title\" data-id=\"fc568ac\" data-element_type=\"widget\" data-widget_type=\"section_title.default\">\n\t\t\t\t<div class=\"elementor-widget-container\">\n\t\t\t<div class=\"text-center title-box\"><span>Faq<\/span><h2 class=\"title\">Perguntas Frequentes<\/h2><\/div>\t\t<\/div>\n\t\t\t\t<\/div>\n\t\t\t\t<div class=\"elementor-element elementor-element-70fc427 elementor-widget elementor-widget-talkie_faq\" data-id=\"70fc427\" data-element_type=\"widget\" data-widget_type=\"talkie_faq.default\">\n\t\t\t\t<div class=\"elementor-widget-container\">\n\t\t\t\n<div class=\"iq-faq\">\n\n  \n    <div class=\"iq-faq-block iq-active\">\n      <div class=\"iq-faq-title iq-active\" id=\"heading077\">\n        <h5 class=\"mb-0\">\n          Posso personalizar as mensagens do chatbot\n          <span class=\"iq-faq-icon\">\n            <i aria-hidden=\"true\" class=\"fa fa-chevron-right\"><\/i>\n          <\/span>\n        <\/h5>\n      <\/div>\n\n      <div class=\"iq-faq-details\">\n\n        Sim, atrav\u00e9s do painel do administrador poder\u00e1 editar as perguntas, respostas, arquivos e redirecionamentos. \nNo meeting de setup seu gerente de contas vai lhe acompanhar na montagem.\n      <\/div>\n    <\/div>\n  \n    <div class=\"iq-faq-block \">\n      <div class=\"iq-faq-title \" id=\"heading177\">\n        <h5 class=\"mb-0\">\n          Posso acessar pelo celular\n          <span class=\"iq-faq-icon\">\n            <i aria-hidden=\"true\" class=\"fa fa-chevron-right\"><\/i>\n          <\/span>\n        <\/h5>\n      <\/div>\n\n      <div class=\"iq-faq-details\">\n\n        Sim, a plataforma \u00e9 responsiva, pode ser acessada via navegador, por: celular, desktop ou tablet. \n\n      <\/div>\n    <\/div>\n  \n    <div class=\"iq-faq-block \">\n      <div class=\"iq-faq-title \" id=\"heading277\">\n        <h5 class=\"mb-0\">\n          Posso ter mais de 1 n\u00famero de Wahtsapp\n          <span class=\"iq-faq-icon\">\n            <i aria-hidden=\"true\" class=\"fa fa-chevron-right\"><\/i>\n          <\/span>\n        <\/h5>\n      <\/div>\n\n      <div class=\"iq-faq-details\">\n\n        Sim, por\u00e9m, cada n\u00famero adicional vai gerar um custo extra mensal.\n      <\/div>\n    <\/div>\n  \n    <div class=\"iq-faq-block \">\n      <div class=\"iq-faq-title \" id=\"heading377\">\n        <h5 class=\"mb-0\">\n          Todos os canais de atendimento, s\u00e3o atendidos no mesmo painel?\n          <span class=\"iq-faq-icon\">\n            <i aria-hidden=\"true\" class=\"fa fa-chevron-right\"><\/i>\n          <\/span>\n        <\/h5>\n      <\/div>\n\n      <div class=\"iq-faq-details\">\n\n        Sim,  voc\u00ea vai vincular os atendentes aos canais e departamentos.\n      <\/div>\n    <\/div>\n  \n    <div class=\"iq-faq-block \">\n      <div class=\"iq-faq-title \" id=\"heading477\">\n        <h5 class=\"mb-0\">\n          Posso mudar meu plano?\n          <span class=\"iq-faq-icon\">\n            <i aria-hidden=\"true\" class=\"fa fa-chevron-right\"><\/i>\n          <\/span>\n        <\/h5>\n      <\/div>\n\n      <div class=\"iq-faq-details\">\n\n        Sim, sempre que desejar, vai poder migrar de plano.\n      <\/div>\n    <\/div>\n  \n    <div class=\"iq-faq-block \">\n      <div class=\"iq-faq-title \" id=\"heading577\">\n        <h5 class=\"mb-0\">\n          Qual a forma de pagamento ?\n          <span class=\"iq-faq-icon\">\n            <i aria-hidden=\"true\" class=\"fa fa-chevron-right\"><\/i>\n          <\/span>\n        <\/h5>\n      <\/div>\n\n      <div class=\"iq-faq-details\">\n\n        O servi\u00e7o \u00e9 pr\u00e9-pago e pode pagar por boleto ou Mercado Pago\n      <\/div>\n    <\/div>\n  \n    <div class=\"iq-faq-block \">\n      <div class=\"iq-faq-title \" id=\"heading677\">\n        <h5 class=\"mb-0\">\n          \u00c9 cobrada taxa de setup?\n          <span class=\"iq-faq-icon\">\n            <i aria-hidden=\"true\" class=\"fa fa-chevron-right\"><\/i>\n          <\/span>\n        <\/h5>\n      <\/div>\n\n      <div class=\"iq-faq-details\">\n\n        No momento n\u00e3o estamos cobrando taxa de setup\n      <\/div>\n    <\/div>\n  \n    <div class=\"iq-faq-block \">\n      <div class=\"iq-faq-title \" id=\"heading777\">\n        <h5 class=\"mb-0\">\n          Posso integrar o chatbot ao meu sistema?\n          <span class=\"iq-faq-icon\">\n            <i aria-hidden=\"true\" class=\"fa fa-chevron-right\"><\/i>\n          <\/span>\n        <\/h5>\n      <\/div>\n\n      <div class=\"iq-faq-details\">\n\n        Sim. Disponibilizamos uma documenta\u00e7\u00e3o de nossa API, a qual deve ser encaminhada a equipe de desenvolvimento de seu ERP ou CRM.\n      <\/div>\n    <\/div>\n  \n    <div class=\"iq-faq-block \">\n      <div class=\"iq-faq-title \" id=\"heading877\">\n        <h5 class=\"mb-0\">\n          Consigo realizar atendimentos simult\u00e2neos?\n          <span class=\"iq-faq-icon\">\n            <i aria-hidden=\"true\" class=\"fa fa-chevron-right\"><\/i>\n          <\/span>\n        <\/h5>\n      <\/div>\n\n      <div class=\"iq-faq-details\">\n\n        Sim, um atendente pode atender quantos clientes desejar ao mesmo tempo.\n      <\/div>\n    <\/div>\n  \n<\/div>\t\t<\/div>\n\t\t\t\t<\/div>\n\t\t\t\t\t<\/div>\n\t\t<\/div>\n\t\t\t\t\t\t\t<\/div>\n\t\t<\/div>\n\t\t\t\t\t\t<\/div>\n\t\t\t\t\t<\/div>\n\t\t","protected":false},"excerpt":{"rendered":"<p>Faq Perguntas Frequentes Posso personalizar as mensagens do chatbot Sim, atrav\u00e9s do painel do administrador poder\u00e1 editar as perguntas, respostas, arquivos e redirecionamentos. No meeting de setup seu gerente de contas vai lhe acompanhar na montagem. Posso acessar pelo celular Sim, a plataforma \u00e9 responsiva, pode ser acessada via navegador, por: celular, desktop ou tablet. [&hellip;]<\/p>\n","protected":false},"author":1,"featured_media":0,"parent":0,"menu_order":0,"comment_status":"closed","ping_status":"closed","template":"","meta":{"_monsterinsights_skip_tracking":false,"_monsterinsights_sitenote_active":false,"_monsterinsights_sitenote_note":"","_monsterinsights_sitenote_category":0,"footnotes":""},"class_list":["post-819","page","type-page","status-publish","hentry"],"_links":{"self":[{"href":"https:\/\/multigrow.tec.br\/index.php?rest_route=\/wp\/v2\/pages\/819","targetHints":{"allow":["GET"]}}],"collection":[{"href":"https:\/\/multigrow.tec.br\/index.php?rest_route=\/wp\/v2\/pages"}],"about":[{"href":"https:\/\/multigrow.tec.br\/index.php?rest_route=\/wp\/v2\/types\/page"}],"author":[{"embeddable":true,"href":"https:\/\/multigrow.tec.br\/index.php?rest_route=\/wp\/v2\/users\/1"}],"replies":[{"embeddable":true,"href":"https:\/\/multigrow.tec.br\/index.php?rest_route=%2Fwp%2Fv2%2Fcomments&post=819"}],"version-history":[{"count":46,"href":"https:\/\/multigrow.tec.br\/index.php?rest_route=\/wp\/v2\/pages\/819\/revisions"}],"predecessor-version":[{"id":3886,"href":"https:\/\/multigrow.tec.br\/index.php?rest_route=\/wp\/v2\/pages\/819\/revisions\/3886"}],"wp:attachment":[{"href":"https:\/\/multigrow.tec.br\/index.php?rest_route=%2Fwp%2Fv2%2Fmedia&parent=819"}],"curies":[{"name":"wp","href":"https:\/\/api.w.org\/{rel}","templated":true}]}}